{"id":7003,"date":"2026-03-20T13:59:45","date_gmt":"2026-03-20T13:59:45","guid":{"rendered":"https:\/\/salubrisecuador.com\/?page_id=7003"},"modified":"2026-03-20T14:03:51","modified_gmt":"2026-03-20T14:03:51","slug":"sobre-nosotros","status":"publish","type":"page","link":"https:\/\/salubrisecuador.com\/?page_id=7003","title":{"rendered":"Sobre Nosotros"},"content":{"rendered":"\t\t<div data-elementor-type=\"wp-page\" data-elementor-id=\"7003\" class=\"elementor elementor-7003\" data-elementor-post-type=\"page\">\n\t\t\t\t<div class=\"elementor-element elementor-element-cab2820 e-flex e-con-boxed e-con e-parent \" data-id=\"cab2820\" data-element_type=\"container\" data-e-type=\"container\">\t\t\t<div class=\"e-con-inner\">\r\n\t\t\t\t<div class=\"elementor-element elementor-element-4ae5388 elementor-widget elementor-widget-html\" data-id=\"4ae5388\" data-element_type=\"widget\" data-e-type=\"widget\" data-widget_type=\"html.default\">\n\t\t\t\t\t<section style=\"font-family: 'Poppins', sans-serif; background: linear-gradient(180deg, #f7fbff 0%, #ffffff 100%); padding: 80px 20px; color: #1e293b;\">\n  <div style=\"max-width: 1200px; margin: 0 auto;\">\n\n    <!-- T\u00cdTULO -->\n    <div style=\"text-align: center; margin-bottom: 60px;\">\n      <span style=\"display: inline-block; padding: 8px 18px; border-radius: 50px; background: #e6f4ff; color: #0b5cab; font-size: 14px; font-weight: 600; letter-spacing: 1px; text-transform: uppercase;\">\n        Salubris\n      <\/span>\n      <h1 style=\"margin: 18px 0 12px; font-size: 44px; line-height: 1.2; color: #0f172a; font-weight: 700;\">\n        Nosotros\n      <\/h1>\n      <p style=\"max-width: 760px; margin: 0 auto; font-size: 18px; line-height: 1.8; color: #64748b;\">\n        Comprometidos con la salud, el bienestar y la atenci\u00f3n integral de nuestros pacientes.\n      <\/p>\n    <\/div>\n\n    <!-- BLOQUE PRINCIPAL -->\n    <div style=\"display: grid; grid-template-columns: 1.2fr 1fr; gap: 30px; align-items: stretch; margin-bottom: 35px;\">\n\n      <div style=\"background: #ffffff; border-radius: 24px; padding: 40px; box-shadow: 0 12px 35px rgba(15, 23, 42, 0.08); border: 1px solid #e2e8f0;\">\n        <span style=\"display: inline-block; width: 60px; height: 4px; background: #0b5cab; border-radius: 10px; margin-bottom: 18px;\"><\/span>\n        <h2 style=\"font-size: 30px; margin: 0 0 18px; color: #0f172a; font-weight: 700;\">\n          Sobre Salubris\n        <\/h2>\n\n        <p style=\"font-size: 17px; line-height: 1.9; color: #475569; margin-bottom: 18px;\">\n          En <strong style=\"color:#0f172a;\">Salubris<\/strong>, somos una instituci\u00f3n orientada a la atenci\u00f3n integral de la salud, comprometida con ofrecer servicios m\u00e9dicos confiables, oportunos y de calidad para el bienestar de la comunidad.\n        <\/p>\n\n        <p style=\"font-size: 17px; line-height: 1.9; color: #475569; margin-bottom: 18px;\">\n          Nuestro enfoque se basa en la prevenci\u00f3n, el diagn\u00f3stico, el tratamiento y el acompa\u00f1amiento profesional en distintas \u00e1reas de la salud, integrando experiencia, responsabilidad y calidez humana en cada atenci\u00f3n.\n        <\/p>\n\n        <p style=\"font-size: 17px; line-height: 1.9; color: #475569; margin: 0;\">\n          Trabajamos para consolidarnos como un referente en servicios m\u00e9dicos en Portoviejo y Manab\u00ed, brindando atenci\u00f3n personalizada en un entorno seguro, profesional y centrado en las necesidades de cada paciente.\n        <\/p>\n      <\/div>\n\n      <div style=\"background: linear-gradient(135deg, #0b5cab 0%, #0f766e 100%); border-radius: 24px; padding: 40px; box-shadow: 0 12px 35px rgba(11, 92, 171, 0.22); color: #ffffff; display: flex; flex-direction: column; justify-content: center;\">\n        <h3 style=\"font-size: 28px; margin: 0 0 18px; font-weight: 700; line-height: 1.3;\">\n          Salud con calidad, cercan\u00eda y compromiso.\n        <\/h3>\n        <p style=\"font-size: 16px; line-height: 1.9; margin: 0; color: rgba(255,255,255,0.92);\">\n          En Salubris creemos que una excelente atenci\u00f3n m\u00e9dica va m\u00e1s all\u00e1 del servicio cl\u00ednico: significa brindar confianza, seguridad y un trato humano en cada consulta.\n        <\/p>\n      <\/div>\n    <\/div>\n\n    <!-- MISI\u00d3N Y VISI\u00d3N -->\n    <div style=\"display: grid; grid-template-columns: 1fr 1fr; gap: 30px;\">\n\n      <div style=\"background: #ffffff; border-radius: 24px; padding: 35px; box-shadow: 0 10px 30px rgba(15, 23, 42, 0.06); border-left: 6px solid #0b5cab;\">\n        <h3 style=\"font-size: 26px; margin: 0 0 16px; color: #0f172a; font-weight: 700;\">\n          Misi\u00f3n\n        <\/h3>\n        <p style=\"font-size: 16px; line-height: 1.9; color: #475569; margin: 0;\">\n          Brindar servicios de salud integrales, confiables y de alta calidad, mediante una atenci\u00f3n profesional, humana y oportuna, orientada a la prevenci\u00f3n, diagn\u00f3stico y tratamiento, priorizando siempre el bienestar y la satisfacci\u00f3n de nuestros pacientes.\n        <\/p>\n      <\/div>\n\n      <div style=\"background: #ffffff; border-radius: 24px; padding: 35px; box-shadow: 0 10px 30px rgba(15, 23, 42, 0.06); border-left: 6px solid #0f766e;\">\n        <h3 style=\"font-size: 26px; margin: 0 0 16px; color: #0f172a; font-weight: 700;\">\n          Visi\u00f3n\n        <\/h3>\n        <p style=\"font-size: 16px; line-height: 1.9; color: #475569; margin: 0;\">\n          Ser un centro de salud reconocido en Portoviejo y Manab\u00ed por su excelencia, innovaci\u00f3n, calidad humana y compromiso con el cuidado integral de la comunidad, contribuyendo al desarrollo de una sociedad m\u00e1s saludable.\n        <\/p>\n      <\/div>\n\n    <\/div>\n\n  <\/div>\n<\/section>\t\t\t\t<\/div>\n\t\t\t\t\t<\/div>\r\n\t\t\t\t<\/div>\r\n\t\t\t\t<\/div>\n\t\t","protected":false},"excerpt":{"rendered":"<p>Salubris Nosotros Comprometidos con la salud, el bienestar y la atenci\u00f3n integral de nuestros pacientes. Sobre Salubris En Salubris, somos una instituci\u00f3n orientada a la atenci\u00f3n integral de la salud, comprometida con ofrecer servicios m\u00e9dicos confiables, oportunos y de calidad para el bienestar de la comunidad. Nuestro enfoque se basa en la prevenci\u00f3n, el diagn\u00f3stico, [&hellip;]<\/p>\n","protected":false},"author":1,"featured_media":0,"parent":0,"menu_order":0,"comment_status":"closed","ping_status":"closed","template":"","meta":{"footnotes":""},"class_list":["post-7003","page","type-page","status-publish","hentry"],"_links":{"self":[{"href":"https:\/\/salubrisecuador.com\/index.php?rest_route=\/wp\/v2\/pages\/7003","targetHints":{"allow":["GET"]}}],"collection":[{"href":"https:\/\/salubrisecuador.com\/index.php?rest_route=\/wp\/v2\/pages"}],"about":[{"href":"https:\/\/salubrisecuador.com\/index.php?rest_route=\/wp\/v2\/types\/page"}],"author":[{"embeddable":true,"href":"https:\/\/salubrisecuador.com\/index.php?rest_route=\/wp\/v2\/users\/1"}],"replies":[{"embeddable":true,"href":"https:\/\/salubrisecuador.com\/index.php?rest_route=%2Fwp%2Fv2%2Fcomments&post=7003"}],"version-history":[{"count":4,"href":"https:\/\/salubrisecuador.com\/index.php?rest_route=\/wp\/v2\/pages\/7003\/revisions"}],"predecessor-version":[{"id":7008,"href":"https:\/\/salubrisecuador.com\/index.php?rest_route=\/wp\/v2\/pages\/7003\/revisions\/7008"}],"wp:attachment":[{"href":"https:\/\/salubrisecuador.com\/index.php?rest_route=%2Fwp%2Fv2%2Fmedia&parent=7003"}],"curies":[{"name":"wp","href":"https:\/\/api.w.org\/{rel}","templated":true}]}}